{"id":4496,"date":"2024-08-15T21:41:48","date_gmt":"2024-08-15T21:41:48","guid":{"rendered":"https:\/\/pytvending.cl\/?post_type=product&#038;p=4496"},"modified":"2024-12-09T20:11:42","modified_gmt":"2024-12-09T20:11:42","slug":"necta-tango","status":"publish","type":"product","link":"https:\/\/pytvending.cl\/index.php\/producto\/necta-tango\/","title":{"rendered":"Necta Tango"},"content":{"rendered":"<p><strong>Capacidades<\/strong><\/p>\n<ul>\n<li>6 Bandejas<\/li>\n<li>Hasta 48 espirales<\/li>\n<li>Temperatura de preservaci\u00f3n :<\/li>\n<li>0\u00b0 a 4\u00b0 C Bandejas Food<\/li>\n<li>8\u00b0 a 15\u00b0 C Bandeja<\/li>\n<\/ul>\n<p><strong>Dimensiones<\/strong><\/p>\n<ul>\n<li>Alto &#8211; 183 cm<\/li>\n<li>Ancho &#8211; 89 cm<\/li>\n<li>Profundidad &#8211; 79,3 cm<\/li>\n<li>Peso &#8211; 270 kg<\/li>\n<li>Alimentaci\u00f3n el\u00e9ctrica 220 V &#8211; 50 Hz<\/li>\n<li>Consumo m\u00e1ximo 500W<\/li>\n<\/ul>\n","protected":false},"excerpt":{"rendered":"<p>Capacidades 6 Bandejas Hasta 48 espirales Temperatura de preservaci\u00f3n : 0\u00b0 a 4\u00b0 C Bandejas Food 8\u00b0 a 15\u00b0 C Bandeja Dimensiones Alto &#8211; 183 cm Ancho &#8211; 89 cm Profundidad &#8211; 79,3 cm Peso &#8211; 270 kg Alimentaci\u00f3n el\u00e9ctrica 220 V &#8211; 50 Hz Consumo m\u00e1ximo 500W<\/p>\n","protected":false},"featured_media":4601,"template":"","meta":[],"product_brand":[],"product_cat":[44,40],"product_tag":[],"class_list":{"0":"post-4496","1":"product","2":"type-product","3":"status-publish","4":"has-post-thumbnail","6":"product_cat-maquinas","7":"product_cat-maquinas-snacks-y-bebidas","9":"first","10":"instock","11":"shipping-taxable","12":"purchasable","13":"product-type-simple"},"_links":{"self":[{"href":"https:\/\/pytvending.cl\/index.php\/wp-json\/wp\/v2\/product\/4496","targetHints":{"allow":["GET"]}}],"collection":[{"href":"https:\/\/pytvending.cl\/index.php\/wp-json\/wp\/v2\/product"}],"about":[{"href":"https:\/\/pytvending.cl\/index.php\/wp-json\/wp\/v2\/types\/product"}],"version-history":[{"count":1,"href":"https:\/\/pytvending.cl\/index.php\/wp-json\/wp\/v2\/product\/4496\/revisions"}],"predecessor-version":[{"id":4498,"href":"https:\/\/pytvending.cl\/index.php\/wp-json\/wp\/v2\/product\/4496\/revisions\/4498"}],"wp:featuredmedia":[{"embeddable":true,"href":"https:\/\/pytvending.cl\/index.php\/wp-json\/wp\/v2\/media\/4601"}],"wp:attachment":[{"href":"https:\/\/pytvending.cl\/index.php\/wp-json\/wp\/v2\/media?parent=4496"}],"wp:term":[{"taxonomy":"product_brand","embeddable":true,"href":"https:\/\/pytvending.cl\/index.php\/wp-json\/wp\/v2\/product_brand?post=4496"},{"taxonomy":"product_cat","embeddable":true,"href":"https:\/\/pytvending.cl\/index.php\/wp-json\/wp\/v2\/product_cat?post=4496"},{"taxonomy":"product_tag","embeddable":true,"href":"https:\/\/pytvending.cl\/index.php\/wp-json\/wp\/v2\/product_tag?post=4496"}],"curies":[{"name":"wp","href":"https:\/\/api.w.org\/{rel}","templated":true}]}}